 What is the tens digit of k(-5)?
2
Let c = -8 - -41. What is the units digit of c?
3
Suppose 4*p = -5*o + 9, 3*o = -o - 2*p + 6. Let l = 10 + 8. What is the tens digit of -1 + l + o + 1?
1
Suppose 0*b = 2*b. Suppose -5*y - h + 22 = 0, 5*y + 6*h - 4*h - 19 = b. Let f = y + -4. What is the units digit of f?
1
Let l be 2/(-5) + (-74)/(-10). Suppose 0*x = x - l. Suppose -4*s = -x*s + 15. What is the units digit of s?
5
Let g = -3 + 10. Let z(j) = j**3 - 2*j**2 - 5*j**2 + 0*j**2 - 5 + 0*j + j. What is the units digit of z(g)?
2
Let m(t) = t**3 + 4*t**2 - t - 1. Let n be (1 - 4) + -7 + 7. What is the tens digit of m(n)?
1
Suppose 147 = -3*f + 3*r + 702, -2*r = f - 194. What is the hundreds digit of f?
1
Let c be (2 - 0) + -8 - -1. Let l(j) = -5*j**2 + 5*j - 2. Let x(z) = 9*z**2 - 10*z + 4. Let p(i) = 11*l(i) + 6*x(i). What is the units digit of p(c)?
2
Suppose h + 8 = -3*h, -34 = 4*k - h. Let d = 1 - k. What is the units digit of d?
0
Suppose 5*n - 45 = 4*l, -4*l = -5*n + 3*n + 18. Suppose 0 = -f - f + 18. What is the units digit of ((-6)/f)/((-2)/n)?
3
Suppose -8*u + 4*u = 76. Let q = 27 - u. What is the tens digit of q?
4
Suppose 2*i = -4 + 8. Suppose -n - i*d + 58 = -4*d, n - d = 56. What is the units digit of n?
4
Let u = 5 + -5. Suppose 4*w + 48 + 4 = u. Let k = w - -22. What is the units digit of k?
9
Let z = 578 - 153. What is the units digit of z?
5
Suppose 0 = b + 3*b. Suppose b = n + 3*t + 11 - 4, 2*n - 5*t = 19. What is the units digit of 4/((n*-1)/(-4))?
8
Suppose -5*a - 9 + 64 = 0. What is the units digit of a - (-3)/(-6)*4?
9
Let l = -6 - -9. Suppose -3*q + 27 = o, 2*o + l*q - 68 + 20 = 0. Suppose o = 2*r + 3*y - 12, -5*y = -15. What is the units digit of r?
2
Let c = -22 - -25. What is the units digit of c?
3
Let v = 6 - 6. Suppose 0*y - 2*y + 3*u + 45 = 0, -3*u - 15 = v. What is the tens digit of y?
1
Let l(o) = -7*o + 11. Let j(h) = -3*h + 5. Let r(k) = -13*j(k) + 6*l(k). What is the tens digit of r(-3)?
1
Let g = -11 - -12. What is the units digit of (1 - g) + -3 + 4?
1
Let t(y) = 4 + y - 2 - 1. Let a be t(-1). Suppose a*x - 8 = -4*x. What is the units digit of x?
2
Suppose -4*a + g + 143 = -86, -a = -2*g - 52. What is the tens digit of a?
5
Let l(x) = x**3 + 8*x**2 - 6. What is the units digit of l(-7)?
3
Suppose -8 = -5*y + 2. Suppose 0 = s - y - 10. What is the tens digit of s?
1
Let g be 9*(4/6)/2. Let q(u) = -u**2 + 7*u - 3. What is the units digit of q(g)?
9
Let v = 50 - 14. What is the tens digit of v?
3
Suppose -4 = d - 3*d. Suppose 5 = -d*g + 3*g. Suppose 2*q = g + 3. What is the units digit of q?
4
Let m = 6 - 2. Suppose 5*z + 18 = 2*r, -m*z + r = -11 + 26. What is the units digit of (6 + z)*7/2?
7
Suppose -5*a - 5*o = -30, 1 = 4*a + 3*o - 21. Suppose 0*v = -5*j - 4*v + 94, a*v + 126 = 5*j. What is the tens digit of (-3)/((-6)/j)*1?
1
Let w(y) = -y**3 - y**2 + y - 1. Let s(i) = -5*i**3 - 8*i**2 + 5*i - 3. Let h(f) = s(f) - 4*w(f). Let q be h(-3). Let r = -6 - q. What is the units digit of r?
5
Let h(j) = -j**2 + 7*j + 1. Let v be h(8). Let x = v - -2. Let f(o) = -o**3 - 6*o**2 - 4*o + 7. What is the units digit of f(x)?
2
Let b(u) = -59*u**3 + u. Let p be -2 - (-4 - (0 + -3)). Let w be b(p). Suppose 7*x - 3*v - w = 3*x, -5*v - 23 = -x. What is the tens digit of x?
1
Let j be 1/(3 - (-13)/(-4)). Let h(n) = -5*n + 1. Let s be h(j). Suppose 0*d - s = -3*d. What is the units digit of d?
7
Let s(o) = -6*o**2 - o. Let a be s(-1). Let v = 10 + a. Suppose -140 + 55 = -v*x. What is the tens digit of x?
1
What is the units digit of (-4)/(8/(-18))*39/3?
7
Suppose l + 3*l - 2*t + 18 = 0, -17 = 5*l + 3*t. Let w = 8 - l. What is the tens digit of w?
1
Let l(o) = -o**2 + 2*o + 5. Let s be l(5). What is the units digit of (-1062)/(-45) - (-6)/s?
3
Suppose 5*v - 278 - 1087 = 3*d, -4*v + 1060 = 4*d. What is the units digit of v?
0
Let k = -54 - -117. What is the tens digit of k?
6
Let u(w) = -w**3 - w**2 + w + 1. Let z be u(0). Suppose z = j - 3. What is the units digit of j?
4
Let l(p) be the second derivative of -p**4/12 + 4*p**3/3 - 2*p**2 - 3*p. What is the units digit of l(6)?
8
What is the units digit of (-1 - -2)/1*86?
6
Suppose -2*r + r = -74. What is the tens digit of r?
7
Suppose -2*f + 4*d = 2*d - 78, 5*f = -d + 213. What is the units digit of f?
2
Suppose -3*j + 1 - 4 = -q, 3*q = -2*j - 35. Let p = 5 - q. What is the units digit of p?
4
Let w = -1 - -6. Suppose 5*u = -5*j + 35, -w*u + 2*j = -u + 2. Suppose 0 = -4*h - 3*o + 40, -6*o + o = u*h - 34. What is the units digit of h?
7
Let b(o) = -6*o - 42. What is the units digit of b(-10)?
8
Let h(q) = 2*q**3 - 2*q**2 + 1. Let l be h(-1). Let j = l + 26. What is the tens digit of j?
2
Suppose 0 = -5*y - 8 - 7. Suppose -5*n + t + 0*t - 4 = 0, n - 5*t + 20 = 0. Let f = n - y. What is the units digit of f?
3
Let x(r) = 5*r + 18. What is the units digit of x(5)?
3
Let n(a) = 8*a**2 - 14*a + 9. Let z(j) = 3*j**2 - 5*j + 3. Let t(f) = -4*n(f) + 11*z(f). Let m = 6 + -3. What is the units digit of t(m)?
9
Let o be (10/3)/(2/6). Let a be (2/(-10))/((-2)/o). Let y(h) = 5*h**3 + h**2 + h - 1. What is the units digit of y(a)?
6
Let y(m) = 17*m**2 + 13*m + 1. Let w(j) = 6*j**2 + 4*j. Let x(a) = -11*w(a) + 4*y(a). What is the tens digit of x(-6)?
2
Suppose g - 3 = -8. Let z = 10 + g. What is the units digit of z?
5
Suppose 588 = 4*r - 4*q, -2*q + 85 + 62 = r. What is the units digit of r?
7
Let j(g) = g + 2. Let u be (-8)/(-1) - 1/(-1). What is the tens digit of j(u)?
1
Suppose -28 = -4*z - 3*w, -2*z - 2*w - 8 + 20 = 0. Suppose 0 = 4*b - 4, -5*b = 2*i + 3*i - z. What is the units digit of i?
1
Let p(h) = h**2 + 3. Let r be p(0). Suppose 2*b = r*k - 2*b - 6, -4 = -2*k + 5*b. What is the units digit of k?
2
Let x(s) = 173*s + 5. What is the units digit of x(1)?
8
Let l = -3 - -6. Let x(b) = -l + b**3 - 2*b**2 - 4 + 3 - 3*b**2 - 4*b. What is the units digit of x(6)?
8
Suppose 2*y + 1 = -1. Let o = 3 + y. What is the units digit of o?
2
Let n = -53 - -10. Let h = 79 + n. What is the units digit of h?
6
Let c be (11/(-33))/(1/(-6)). What is the units digit of (-29)/c*(-1 + -1)?
9
Suppose -q + 50 + 24 = 0. What is the tens digit of q?
7
Let s(d) = d**3 - 7*d**2 - 7*d - 4. Let i be (-2*1)/(4/(-16)). Let q be s(i). Suppose -q*a - 7*r = -2*r - 21, -r = 5*a - 42. What is the units digit of a?
9
Let g be (-1)/(0 + (-2)/8). What is the units digit of g/(-2)*(-1)/2?
1
Suppose -c - 2*m = -m - 3, 12 = 4*c - 4*m. What is the units digit of c - (-2)/((-4)/(-10))?
8
Suppose 4*h = -0 + 8. Let u = -1 + h. Suppose -27 + u = -2*v. What is the units digit of v?
3
Suppose 5*z - 5*d - 5 = -3*d, 0 = 3*d - 15. What is the units digit of z?
3
Suppose -16 = -5*f - 76. Let s = 5 - 8. What is the units digit of s/f - 38/(-8)?
5
Let p be (-12)/2*-5 - -1. Suppose 0 = -k + 2*j + 61, -k + 33 = j - p. Suppose 4*h - 9 = k. What is the units digit of h?
8
Let m(r) = -r**2 + 5*r + 5. Let i be m(4). Suppose x = 2 - i. What is the units digit of 3/(-3)*x*1?
7
Let s(b) = -3*b + 4. Let q be s(2). Let c = 14 + q. What is the tens digit of c?
1
Let l(o) = o**2 + 3*o + 2. What is the units digit of l(-5)?
2
Let c be ((-4)/8)/(1/(-28)). Let o = 0 + c. What is the units digit of o?
4
Let w(u) = -4*u + 2. Let b be w(3). Let j = b - -6. What is the units digit of (-1)/j - (-6)/8?
1
Suppose -2*r - 4*p = -16, 2*r - 4*p + 7 = -1. Suppose 2*s + i = 3, 0*s = -s - r*i + 3. What is the units digit of s/3 + (-124)/(-6)?
1
Suppose -15 = 5*z, 121 = 2*m + 4*z - 165. What is the hundreds digit of m?
1
Let o = 33 - -7. What is the units digit of o?
0
Let k(j) = j + 2. Suppose -15 = -3*t - 0. What is the units digit of k(t)?
7
Let m = 18 + 27. What is the tens digit of m?
4
Suppose 2*t = 3*v - 28, 2*t + 12 = t + v. Let m be (-21 + -1)*20/t. Let b = -38 + m. What is the tens digit of b?
1
Suppose h + 5*n = 83, -3*h - 3*n + 71 = -130. What is the tens digit of (h/35)/(1/15)?
2
Let l(t) = t**2 - 3*t - 4. Suppose -z + 2*u = -12, 0 = -6*z + z + 5*u + 40. Let q be l(z). Suppose p + p - 2 = q. What is the units digit of p?
1
Let y be 1*(2/2 - -1). What is the units digit of 539/42 + y/12?
3
What is the tens digit of 2*-2*145/(-20)?
2
Let c(j) = 3*j - 4*j + 3*j + 0*j**2 - 1 + j**2. Let h be c(1). Suppose -f + 16 = 4*d, -4*f + h*d - 4*d = -22. What is the units 